-3*j = n*j - 1095. What are the prime factors of j?
73
Suppose -30*o = -9*o - 14049. List the prime factors of o.
3, 223
Suppose 4*i - 21897 = -5*t, 3*t = 18*i - 19*i + 5483. List the prime factors of i.
2, 1367
List the prime factors of ((7/(-70))/((-1)/(-338292)))/((-2)/5).
3, 9397
Let b = 31 + -11. Suppose 3*v + v = b. Suppose 3*p = -v*n + 97, 0 = 3*p - 5*n - 87 + 10. What are the prime factors of p?
29
What are the prime factors of 67472/14 - ((-2983)/(-133) - 23)?
2, 5, 241
Let x be -8 - -5 - (-1)/(1/17). Suppose x*q = -2*q + 6240. What are the prime factors of q?
2, 3, 5, 13
Let c(r) = -r**2 + 291*r - 296. List the prime factors of c(132).
2, 7, 739
Let k = -307 - -276. Let p(t) = -t**3 - 32*t**2 - 64*t + 31. What are the prime factors of p(k)?
2, 17, 31
Suppose 21339 = 5*g + r, 57*r = 52*r + 45. List the prime factors of g.
2, 3, 79
Suppose -3*p - 1147 = 683. Let i = p + 1004. What are the prime factors of i?
2, 197
Let k be (-8)/(24/(-9))*220/(-12). Let j be (-8 + 6)*(29 - -2). Let r = k - j. What are the prime factors of r?
7
Suppose 4*n + 15 = -5*v, -3*v - 4*n - 21 = -4*v. Let q be (0 - v)/(6/(-558)). Let u = q - 71. What are the prime factors of u?
2, 11
Suppose 3*k + 2*t - 19 = 0, 4*t + 57 = 5*k + t. Let y(o) = o**3 - 7*o**2 - 17*o + 3. Let m be y(k). List the prime factors of (-1240)/(-15) - (-4)/m.
83
Let o(t) = t**3 + 58*t**2 + 82*t - 53. What are the prime factors of o(-52)?
3, 7
Let f(y) = 45*y**2 - 34*y - 29. Let s be f(-7). Let g = s - 1272. List the prime factors of g.
2, 571
Let h(o) be the second derivative of o**5/4 + 2*o**4/3 - 23*o**3/6 - 25*o**2/2 + 216*o. What are the prime factors of h(6)?
5, 241
Suppose z + 5 = 0, 39*r - 42*r = -3*z - 14385. List the prime factors of r.
2, 5, 479
Suppose -3*w + 3*t + 37824 = 0, 0 = -w + 4*t - 217 + 12816. What are the prime factors of w?
12611
Let j be 3*-1*4120/(-12). Let c = j - 53. What are the prime factors of c?
977
Suppose 0 = -6*q + 27343 - 4177. List the prime factors of q.
3, 11, 13
Let m be (-1)/(6/(2*-1791)). Suppose -m = -o - 4*o - 2*g, 0 = 3*o - 5*g - 383. What are the prime factors of o?
11
Let r = -2235 + 4693. Suppose y = -4*q + 3722 + 1179, -2*q + r = -2*y. List the prime factors of q.
2, 613
Suppose 31*y - 982581 = 813187. What are the prime factors of y?
2, 13, 557
Let d(o) = -4*o**2 + 10*o - 4. Let z be d(4). Let x(u) = 5*u**2 - 2*u - 9. Let c be x(-3). Let b = z + c. List the prime factors of b.
2, 7
Suppose -312*u + 2933912 = -21040. What are the prime factors of u?
3, 7, 11, 41
Let y = 10446 + -2309. List the prime factors of y.
79, 103
Let h(a) = -4*a**3 - 3*a**2 - 5*a - 5. Let c(p) = p**2 - 2. Let f be c(2). Suppose s - f*s = 2. What are the prime factors of h(s)?
5
Suppose 2337042 = 89*k - 1094086. List the prime factors of k.
2, 61, 79
Let d(k) = 11*k - 6. Let x be d(3). Let c = 505 + x. List the prime factors of c.
2, 7, 19
Let v(k) = -2*k**2 - 46*k - 44. Let s be v(-19). Suppose 17*d - 725 - s = 0. What are the prime factors of d?
7
Let o = -3 - -2. Let z(k) = 19*k - 155. Let p be z(8). What are the prime factors of p + (o - -137)/4?
31
Suppose o - 23 + 36 = -5*w, -9 = 3*w. What are the prime factors of o?
2
Suppose -762*w + 1549*w = 774*w + 609141. List the prime factors of w.
3, 15619
Let x = 6 - 30. Let j be (0 - 1)/(7 - 8). What are the prime factors of ((-3)/(x/2))/(j/116)?
29
Let q(i) = 38*i**3 + 3*i**2 - 13*i. Let y be q(3). Suppose 8*l = y - 150. List the prime factors of l.
2, 3
Let r(o) = 122*o - 5 - 7 - 27*o. List the prime factors of r(4).
2, 23
Let t(m) = -m**2 + 6*m - 1. Let y be t(5). Let g be y/8 + 215/(-10). List the prime factors of (-5 + (-119)/g)*(-1254)/(-4).
11, 19
Suppose -4*k + 3028 = 2*f, f = 3*k + 4*f - 2274. List the prime factors of k.
2, 3, 7
Let a(s) = 3*s**2 + 34*s + 17. Let d(o) = -5*o**2 - 33*o - 16. Let b(j) = -4*a(j) - 5*d(j). What are the prime factors of b(-9)?
2, 3, 67
Let w(y) = y**3 - 7*y**2 + 7*y - 6. Let j be w(6). Suppose j = -1357*r + 1352*r + 5785. List the prime factors of r.
13, 89
Let y = 95 - -282. Let p = y + 415. What are the prime factors of p?
2, 3, 11
Let j(c) = -4*c + 24. Let t be j(5). Suppose 2*i = x + x + 64, x + 38 = t*i. Let k = 3 - x. List the prime factors of k.
3, 11
Suppose 23574 = -401*z + 403*z + 5*k, 0 = 4*z - 2*k - 47076. List the prime factors of z.
2, 3, 109
Suppose -441*v - 33324 = -223*v - 220*v. What are the prime factors of v?
2, 3, 2777
Suppose 37742 = 2*m - 4*u, 24*m - 28*m + 75464 = -3*u. List the prime factors of m.
13, 1451
Suppose -58 = 3*b - 0*b - 2*s, -62 = 3*b - s. Let i = b + 24. Suppose -710 = -7*n + i*n. List the prime factors of n.
2, 71
Let y(v) = -v**2 - 18*v + 3. Let c be y(-24). Let l = c - -433. What are the prime factors of l?
2, 73
Let j = 12639 - 8384. What are the prime factors of j?
5, 23, 37
Let y(j) = -31*j - 15. Let i(g) = -31*g - 14. Let c(a) = 7*i(a) - 6*y(a). Let w be c(-3). List the prime factors of w*(1 + 6/15).
7, 17
Let r = -582 - -876. What are the prime factors of -5 + r + 4 + -6?
7, 41
Suppose 0 = -140*r + 105*r + 872445. What are the prime factors of r?
3, 7, 1187
Let o = -222 - -158. Let q = 127 + o. List the prime factors of q.
3, 7
Let x be ((-48)/(-20))/(5/((-3100)/(-8))). Suppose 4*j - 310 = -m, -3*m + 286 = 3*j - 653. Let r = m - x. What are the prime factors of r?
2
What are the prime factors of 228676/(-28)*-3*1 + -2?
24499
Let v = 89 - 61. Let f(m) = m**3 - 29*m**2 + 27*m + 33. Let k be f(v). Suppose c + 4*p - 75 = 0, -408 = -k*c - p - 52. What are the prime factors of c?
71
Let f(x) be the second derivative of -41*x**4/24 - x**3 - 17*x**2/2 + 10*x. Let j(m) be the first derivative of f(m). List the prime factors of j(-2).
2, 19
Let b(l) = -l**3 - 4*l**2 + 8*l + 10. Let w(r) = r**2 - 12*r + 7*r - 1 + 6*r. Let s(c) = -b(c) + 4*w(c). What are the prime factors of s(-6)?
2, 41
Suppose -5*c + 35 = 0, -27*c = 5*n - 26*c - 103832. List the prime factors of n.
5, 4153
What are the prime factors of ((-12051)/(-78))/103*(0 - (-40106)/3)?
11, 1823
List the prime factors of -7 - (-6 - -4) - (5 + (-191235)/5).
38237
Let h = -50 - -60. Suppose -h = 2*l - 2. List the prime factors of 10/((-9)/(198/l)).
5, 11
Suppose 2*h = -0*h. Suppose -o - b = h, -o = 2*o - 4*b - 14. Suppose -5*q - 41 = -j, -2*q + 7*q - 52 = -o*j. What are the prime factors of j?
31
Let h = -351 + 349. List the prime factors of 1540/6 + h/(-6).
257
Suppose -5*z - 3 = -9*z - h, -6 = 3*z - 2*h. Suppose 2*i + 0*i + 3*a - 2658 = z, -5*a - 3949 = -3*i. Suppose 11*j - i = 2*j. List the prime factors of j.
3, 7
Let v(w) = 6*w**2 - 17*w - 82. Let h be v(19). Suppose 0 = -13*m + 6676 + h. List the prime factors of m.
11, 59
Let n(y) = -y**3 - 71*y**2 - 417*y + 532. What are the prime factors of n(-70)?
2, 3, 7, 197
List the prime factors of 635/(-2)*(-9)/((-225)/(-80)).
2, 127
Let h(m) = 3*m - 10. Let y be h(14). Suppose 2*i + 3 + 5 = 0. What are the prime factors of 24/y - 549/i?
2, 3, 23
Let t be 7/14 + 234/4. Let a be t/((-2 - -2) + 1). Let c = -52 + a. List the prime factors of c.
7
Let m(g) = 414*g**2 - 61*g - 46. List the prime factors of m(-8).
2, 13469
Suppose 2*h - 54 = -4*k, 9*h = -4*k + 4*h + 57. Let j = k + -12. List the prime factors of ((-1)/(-5) - j)/((-8)/220).
2, 11
Suppose -4*w = -20*n + 25*n - 408061, 2*n - 2*w - 163210 = 0. List the prime factors of n.
3, 11, 2473
Suppose -c + 6174 = o, 11*c - 14*c + 24696 = 4*o. What are the prime factors of o?
2, 3, 7
Let a(f) = 6257*f + 251. List the prime factors of a(2).
3, 5, 23, 37
Let i be (15/2)/(6/12). Suppose i*k + 0*k = 21375. Suppose -k = -11*j + 6*j. What are the prime factors of j?
3, 5, 19
Let m(d) = 2*d**2 + 11*d + 65. Let t(y) = -y**2 - 5*y - 32. Let o(r) = 3*m(r) + 5*t(r). Suppose 101*q = 158*q + 798. What are the prime factors of o(q)?
7, 17
What are the prime factors of (-402023)/(-6) - ((-685)/(-30) - 23)?
2, 7, 2393
Let v(h) = -844*h**3 + 13*h**2 - 23*h - 70. List the prime factors of v(-3).
2, 7, 409
Let l = -66961 + 95629. What are the prime factors of l?
2, 3, 2389
Suppose -89 = -3*c + 2*t, 6*c - 4*t = c + 149. Suppose 42*o - 5993 = c*o. List the prime factors of o.
461
Let q(r) = r**3 - r**2 + 2*r - 3. Let h be q(2). Let j(w) = w**3 - 3*w**2 - 8*w + 4. Let n be j(h). Let k = n + 56. List the prime factors 